{"id":2,"date":"2024-11-20T20:33:22","date_gmt":"2024-11-20T20:33:22","guid":{"rendered":"https:\/\/centreinteractions.ca\/forum2025\/?page_id=2"},"modified":"2025-02-14T20:57:15","modified_gmt":"2025-02-14T20:57:15","slug":"sample-page","status":"publish","type":"page","link":"https:\/\/centreinteractions.ca\/forum2025\/","title":{"rendered":"\u00c0 propos"},"content":{"rendered":"\n<div class=\"wp-block-columns alignfull is-style-section-2 has-custom-color-6-background-color has-background is-layout-flex wp-container-core-columns-is-layout-87535699 wp-block-columns-is-layout-flex is-style-section-2--1\" style=\"margin-top:0;margin-bottom:0;padding-top:0;padding-right:0;padding-bottom:0;padding-left:0\">\n<div class=\"wp-block-column has-background is-layout-flow wp-block-column-is-layout-flow\" style=\"background-color:#daefde;flex-basis:60%\">\n<div class=\"wp-block-group is-vertical is-content-justification-stretch is-layout-flex wp-container-core-group-is-layout-098fff0a wp-block-group-is-layout-flex\" style=\"min-height:33vh;padding-top:var(--wp--preset--spacing--50);padding-right:var(--wp--preset--spacing--50);padding-bottom:var(--wp--preset--spacing--50);padding-left:var(--wp--preset--spacing--50)\">\n<h2 class=\"wp-block-heading\">Pleine participation des personnes im\/migrantes : des pratiques prometteuses au c\u0153ur de l&#8217;action intersectorielle locale<\/h2>\n\n\n\n<p class=\"has-small-font-size\">Cet \u00e9v\u00e9nement a eu lieu du 22 janvier au 24 janvier 2025 &#8211; Montr\u00e9al<\/p>\n\n\n\n<h3 class=\"wp-block-heading\"><br><strong>\u00c0 propos<\/strong><\/h3>\n\n\n\n<p>Le forum Pleine participation des personnes im\/migrantes : des pratiques prometteuses au c\u0153ur de l\u2019action intersectorielle locale a rassembl\u00e9 des acteurs et actrices du milieu, des personnes premi\u00e8res concern\u00e9es, des d\u00e9cideurs et d\u00e9cideuses ainsi que des chercheuses et chercheurs pour aller au-del\u00e0 de la simple constatation des enjeux et avancer ensemble vers des solutions&#8230; <a href=\"https:\/\/centreinteractions.ca\/forum2025\/a-propos-suite\/\" data-type=\"link\" data-id=\"https:\/\/centreinteractions.ca\/forum2025\/a-propos-suite\/\">en savoir plus ici<\/a><\/p>\n<\/div>\n<\/div>\n\n\n\n<div class=\"wp-block-column is-vertically-aligned-center is-layout-flow wp-block-column-is-layout-flow\" style=\"flex-basis:40%\">\n<figure class=\"wp-block-image aligncenter size-large\"><img loading=\"lazy\" decoding=\"async\" width=\"1024\" height=\"763\" src=\"https:\/\/centreinteractions.ca\/forum2025\/wp-content\/uploads\/2024\/11\/core-image-compressed-1024x763.jpg\" alt=\"\" class=\"wp-image-138\" srcset=\"https:\/\/centreinteractions.ca\/forum2025\/wp-content\/uploads\/2024\/11\/core-image-compressed-1024x763.jpg 1024w, https:\/\/centreinteractions.ca\/forum2025\/wp-content\/uploads\/2024\/11\/core-image-compressed-300x224.jpg 300w, https:\/\/centreinteractions.ca\/forum2025\/wp-content\/uploads\/2024\/11\/core-image-compressed-768x572.jpg 768w, https:\/\/centreinteractions.ca\/forum2025\/wp-content\/uploads\/2024\/11\/core-image-compressed-1536x1145.jpg 1536w, https:\/\/centreinteractions.ca\/forum2025\/wp-content\/uploads\/2024\/11\/core-image-compressed.jpg 1538w\" sizes=\"auto, (max-width: 1024px) 100vw, 1024px\" \/><\/figure>\n<\/div>\n<\/div>\n\n\n\n<p><\/p>\n","protected":false},"excerpt":{"rendered":"<p>Pleine participation des personnes im\/migrantes : des pratiques prometteuses au c\u0153ur de l&#8217;action intersectorielle locale Cet \u00e9v\u00e9nement a eu lieu du 22 janvier au 24 janvier 2025 &#8211; Montr\u00e9al \u00c0 propos Le forum Pleine participation des personnes im\/migrantes : des pratiques prometteuses au c\u0153ur de l\u2019action intersectorielle locale a rassembl\u00e9 des acteurs et actrices du [&hellip;]<\/p>\n","protected":false},"author":1,"featured_media":0,"parent":0,"menu_order":0,"comment_status":"closed","ping_status":"closed","template":"page-no-title","meta":{"_acf_changed":false,"footnotes":""},"class_list":["post-2","page","type-page","status-publish","hentry"],"acf":[],"_links":{"self":[{"href":"https:\/\/centreinteractions.ca\/forum2025\/wp-json\/wp\/v2\/pages\/2","targetHints":{"allow":["GET"]}}],"collection":[{"href":"https:\/\/centreinteractions.ca\/forum2025\/wp-json\/wp\/v2\/pages"}],"about":[{"href":"https:\/\/centreinteractions.ca\/forum2025\/wp-json\/wp\/v2\/types\/page"}],"author":[{"embeddable":true,"href":"https:\/\/centreinteractions.ca\/forum2025\/wp-json\/wp\/v2\/users\/1"}],"replies":[{"embeddable":true,"href":"https:\/\/centreinteractions.ca\/forum2025\/wp-json\/wp\/v2\/comments?post=2"}],"version-history":[{"count":68,"href":"https:\/\/centreinteractions.ca\/forum2025\/wp-json\/wp\/v2\/pages\/2\/revisions"}],"predecessor-version":[{"id":877,"href":"https:\/\/centreinteractions.ca\/forum2025\/wp-json\/wp\/v2\/pages\/2\/revisions\/877"}],"wp:attachment":[{"href":"https:\/\/centreinteractions.ca\/forum2025\/wp-json\/wp\/v2\/media?parent=2"}],"curies":[{"name":"wp","href":"https:\/\/api.w.org\/{rel}","templated":true}]}}

À propos

<div class="wp-block-columns alignfull is-style-section-2 has-custom-color-6-background-color has-background is-layout-flex wp-container-core-columns-is-layout-87535699 wp-block-columns-is-layout-flex is-style-section-2--1" style="margin-top:0;margin-bottom:0;padding-top:0;padding-right:0;padding-bottom:0;padding-left:0">
<div class="wp-block-column has-background is-layout-flow wp-block-column-is-layout-flow" style="background-color:#daefde;flex-basis:60%">
<div class="wp-block-group is-vertical is-content-justification-stretch is-layout-flex wp-container-core-group-is-layout-098fff0a wp-block-group-is-layout-flex" style="min-height:33vh;padding-top:var(--wp--preset--spacing--50);padding-right:var(--wp--preset--spacing--50);padding-bottom:var(--wp--preset--spacing--50);padding-left:var(--wp--preset--spacing--50)">
<h2 class="wp-block-heading">Pleine participation des personnes im/migrantes : des pratiques prometteuses au cœur de l&#8217;action intersectorielle locale</h2>



<p class="has-small-font-size">Cet événement a eu lieu du 22 janvier au 24 janvier 2025 &#8211; Montréal</p>



<h3 class="wp-block-heading"><br><strong>À propos</strong></h3>



<p>Le forum Pleine participation des personnes im/migrantes : des pratiques prometteuses au cœur de l’action intersectorielle locale a rassemblé des acteurs et actrices du milieu, des personnes premières concernées, des décideurs et décideuses ainsi que des chercheuses et chercheurs pour aller au-delà de la simple constatation des enjeux et avancer ensemble vers des solutions&#8230; <a href="https://centreinteractions.ca/forum2025/a-propos-suite/" data-type="link" data-id="https://centreinteractions.ca/forum2025/a-propos-suite/">en savoir plus ici</a></p>
</div>
</div>



<div class="wp-block-column is-vertically-aligned-center is-layout-flow wp-block-column-is-layout-flow" style="flex-basis:40%">
<figure class="wp-block-image aligncenter size-large"><img loading="lazy" decoding="async" width="1024" height="763" src="https://centreinteractions.ca/forum2025/wp-content/uploads/2024/11/core-image-compressed-1024x763.jpg" alt="" class="wp-image-138" srcset="https://centreinteractions.ca/forum2025/wp-content/uploads/2024/11/core-image-compressed-1024x763.jpg 1024w, https://centreinteractions.ca/forum2025/wp-content/uploads/2024/11/core-image-compressed-300x224.jpg 300w, https://centreinteractions.ca/forum2025/wp-content/uploads/2024/11/core-image-compressed-768x572.jpg 768w, https://centreinteractions.ca/forum2025/wp-content/uploads/2024/11/core-image-compressed-1536x1145.jpg 1536w, https://centreinteractions.ca/forum2025/wp-content/uploads/2024/11/core-image-compressed.jpg 1538w" sizes="auto, (max-width: 1024px) 100vw, 1024px" /></figure>
</div>
</div>



<p></p>

<p>Pleine participation des personnes im/migrantes : des pratiques prometteuses au cœur de l&#8217;action intersectorielle locale Cet événement a eu lieu du 22 janvier au 24 janvier 2025 &#8211; Montréal À propos Le forum Pleine participation des personnes im/migrantes : des pratiques prometteuses au cœur de l’action intersectorielle locale a rassemblé des acteurs et actrices du [&hellip;]</p>
