{"id":868,"date":"2025-02-13T16:25:30","date_gmt":"2025-02-13T16:25:30","guid":{"rendered":"https:\/\/centreinteractions.ca\/forum2025\/?page_id=868"},"modified":"2025-02-14T20:20:54","modified_gmt":"2025-02-14T20:20:54","slug":"a-propos-suite","status":"publish","type":"page","link":"https:\/\/centreinteractions.ca\/forum2025\/a-propos-suite\/","title":{"rendered":"\u00c0 propos &#8211; suite"},"content":{"rendered":"\n<p>Le forum Pleine participation des personnes im\/migrantes : des pratiques prometteuses au c\u0153ur de l\u2019action intersectorielle locale a rassembl\u00e9 des acteurs et actrices du milieu, des personnes premi\u00e8res concern\u00e9es, des d\u00e9cideurs et d\u00e9cideuses ainsi que des chercheuses et chercheurs pour aller au-del\u00e0 de la simple constatation des enjeux et avancer ensemble vers des solutions.<\/p>\n\n\n\n<p>Les parcours de vie des personnes im\/migrantes croisent plusieurs sph\u00e8res de la soci\u00e9t\u00e9 : travail, recherche de logement, sant\u00e9, espaces de solidarit\u00e9\u2026 L\u2019intervention et le soutien \u00e0 ces personnes traverse donc ces domaines. Le travail intersectoriel est une dynamique fructueuse qui am\u00e9liore la qualit\u00e9 de vie des personnes desservies et le travail des praticiennes et praticiens. Pourtant, les actrices et acteurs du milieu \u00e9voquent une difficult\u00e9 pour entrer en contact les uns avec les autres et pour briser les silos d\u2019activit\u00e9.<\/p>\n\n\n\n<p>Le forum a \u00e9t\u00e9 l\u2019opportunit\u00e9 de partager des pratiques porteuses intersectorielles issues de tout le Qu\u00e9bec et touchant tous les champs d\u2019action impactant les personnes im\/migrantes.<\/p>\n\n\n\n<p class=\"is-style-default\"><strong>Comit\u00e9 scientifique:<\/strong>&nbsp;<\/p>\n\n\n\n<p class=\"has-custom-color-3-color has-text-color has-link-color wp-elements-1c42adec2a5782ab699f4759ae63e386\"><a href=\"https:\/\/regardsrecherche.com\/equipe\/naima-bentayeb\/\">Na\u00efma Bentayeb<\/a>,&nbsp;<a href=\"https:\/\/centreinteractions.ca\/bio\/blain-marie-jeanne\/\">Marie-Jeanne Blain<\/a>,&nbsp;<a href=\"https:\/\/centreinteractions.ca\/bio\/rodriguez-del-barrio-lourdes\/\">Lourdes Rodriguez del Barrio<\/a>,&nbsp;<a href=\"https:\/\/regardsrecherche.com\/equipe\/chercheurs\/nassera-touati\/\">Nassera Touati<\/a>&nbsp;<\/p>\n","protected":false},"excerpt":{"rendered":"<p>Le forum Pleine participation des personnes im\/migrantes : des pratiques prometteuses au c\u0153ur de l\u2019action intersectorielle locale a rassembl\u00e9 des acteurs et actrices du milieu, des personnes premi\u00e8res concern\u00e9es, des d\u00e9cideurs et d\u00e9cideuses ainsi que des chercheuses et chercheurs pour aller au-del\u00e0 de la simple constatation des enjeux et avancer ensemble vers des solutions. Les [&hellip;]<\/p>\n","protected":false},"author":1,"featured_media":0,"parent":0,"menu_order":0,"comment_status":"closed","ping_status":"closed","template":"","meta":{"_acf_changed":false,"footnotes":""},"class_list":["post-868","page","type-page","status-publish","hentry"],"acf":[],"_links":{"self":[{"href":"https:\/\/centreinteractions.ca\/forum2025\/wp-json\/wp\/v2\/pages\/868","targetHints":{"allow":["GET"]}}],"collection":[{"href":"https:\/\/centreinteractions.ca\/forum2025\/wp-json\/wp\/v2\/pages"}],"about":[{"href":"https:\/\/centreinteractions.ca\/forum2025\/wp-json\/wp\/v2\/types\/page"}],"author":[{"embeddable":true,"href":"https:\/\/centreinteractions.ca\/forum2025\/wp-json\/wp\/v2\/users\/1"}],"replies":[{"embeddable":true,"href":"https:\/\/centreinteractions.ca\/forum2025\/wp-json\/wp\/v2\/comments?post=868"}],"version-history":[{"count":2,"href":"https:\/\/centreinteractions.ca\/forum2025\/wp-json\/wp\/v2\/pages\/868\/revisions"}],"predecessor-version":[{"id":873,"href":"https:\/\/centreinteractions.ca\/forum2025\/wp-json\/wp\/v2\/pages\/868\/revisions\/873"}],"wp:attachment":[{"href":"https:\/\/centreinteractions.ca\/forum2025\/wp-json\/wp\/v2\/media?parent=868"}],"curies":[{"name":"wp","href":"https:\/\/api.w.org\/{rel}","templated":true}]}}